{"id":26,"date":"2013-03-26T01:42:06","date_gmt":"2013-03-26T00:42:06","guid":{"rendered":"http:\/\/www.spiridon-club-oberlahn.de\/?page_id=26"},"modified":"2020-01-07T18:07:39","modified_gmt":"2020-01-07T17:07:39","slug":"vereinsgeschichte","status":"publish","type":"page","link":"http:\/\/www.spiridon-club-oberlahn.de\/?page_id=26","title":{"rendered":"Vereinsgeschichte"},"content":{"rendered":"<p><span style=\"font-size: medium;\"><strong><i><span style=\"color: #0000ff;\">Der Spiridon Club Oberlahn e.V. besteht seit 1978<\/span><\/i>!<\/strong><\/span><\/p>\n<p>Der Spiridon Club Oberlahn e.V. wurde 1978 von einigen Langl\u00e4ufern in Allendorf \/ Merenberg gegr\u00fcndet. Der Name wurde von dem Marathonsieger der 1. Olympischen Spiele der Neuzeit \u201cLouis Spiridon\u201d abgeleitet.<br \/>\nDer Verein hat sich insbesondere dem Breitensport verschrieben, wobei neben der Leichtathletik insbesondere die Ausdauersportarten Laufen, Radfahren, Schwimmen, Triathlon und Skilanglauf im Vordergrund stehen.<br \/>\nMitglieder des Spiridon Clubs beteiligen sich bei Sportveranstaltungen wie Volksl\u00e4ufen, Berg-, Cross- und Bahnl\u00e4ufen, an Stra\u00dfenl\u00e4ufen, Marathon- und Ultral\u00e4ufen sowie an Triathlons und Duathlons.<br \/>\nDer Spiridon Club Oberlahn ist aber auch selbst Ausrichter von Sportveranstaltungen. Cross- und Bahnl\u00e4ufe sowie der \u00fcber Hessen hinaus bekannte \u201eMerenberger Advent Volks- und Stra\u00dfenlauf\u201c, der 2014 letztmalig stattfand, werden ausgerichtet.\u00a0 Ab September 2016 richtet der SC Oberlahn den &#8222;Strieder-Stahlpartner-Stra\u00dfenlauf&#8220; in Merenberg aus.<br \/>\nSeit 2005 entwickelt sich in L\u00f6hnberg eine Sch\u00fcler-Leichtathletikabteilung und bildet den hoffnungsvollen Nachwuchs des SCO-Nachwuchses.<br \/>\n2010 regte die \u00f6rtliche Presse das Angebot &#8222;Auf dem Weg zum Marathon&#8220; an. Mit den bew\u00e4hrten und erfahrenen SCO-Langstrecklern des SC Oberlahn konnten in Zusammenarbeit mit dem Weilburger Tageblatt in kontinuirlichem Trainingsaufbau \u00fcber 20 Freizeitsportler zum Marathon gef\u00fchrt werden. Einige Freizeitsportler konnten dabei als Mitglieder des SCO gewonnen werden. Sie beteiligen sich regelm\u00e4\u00dfig am SCO-Vereinsgeschehen.<br \/>\nIntern wird seit vielen Jahren immer am Vatertag ein Landschafts- und Erlebnislauf ausgetragen. 1983 begannen die mehrt\u00e4gigen Staffell\u00e4ufe in dei Partnerst\u00e4dte von Weilburg, nach Privas, Zevenaar und Tortona. In 2004 setzte der SCO seine Tradition dieser Etappenl\u00e4ufe fort und lief vom 14.05. bis 23.05. \u00fcber 1250 Kilometer von Weilburg nach Kezmarok (Partnerstadt von Weilburg in der Slowakischen Republick). 2006 lief eine SCO-Staffel nach Colmar-Berg, Luxemburg. 2009 starteten die SCO Langstreckler und ihre Freunde zu einem &#8222;grenzenlosen&#8220; Lauf von Weilburg in die t\u00fcrkische Partnerstadt Kizilcahamam. Der nahezu 3000 Km lange Trip durch 6 L\u00e4nder von Europa nach Asien \u00fcber die Bosporusbr\u00fccke bleibt allen Teilnehmern ein unvergessenes modernes, abenteuerliches Erlebnis.<br \/>\n4 Saisonwanderungen z\u00e4hlen ebenfalls zum regelm\u00e4\u00dfigen Vereinsjahresprogramm.<br \/>\nAu\u00dferdem ist der Verein seit seinem Bestehen Ausrichter und Tr\u00e4ger des Merenberger Lauftreffs am Allendorfer Stock und seit 2003 des Walkingtreffs in L\u00f6hnberg und seit 2006 des Lauftreffs in Weilburg an der Hainkaserne.<br \/>\nWeitere Programmpunkte des SCO sind allj\u00e4hrlich die Aktion \u201cSportabzeichen\u201d und spezielle Trainingsvorbereitungen f\u00fcr Marathon- und Ultral\u00e4ufe sowie f\u00fcr Triathlon. Der erfreuliche Zuwachs in der Sch\u00fcler und Jugend-Leichtathletikabteilung des SCO in L\u00f6hnberg l\u00e4\u00dft f\u00fcr die Zukunft hoffen.<br \/>\nDas j\u00e4hrliche Sommergrillfest und das Vereinsfest mit Sportlerehrungen im Januer sind bereits seit vielen Jahren Tradition beim SCO.<\/p>\n","protected":false},"excerpt":{"rendered":"<p>Der Spiridon Club Oberlahn e.V. besteht seit 1978! Der Spiridon Club Oberlahn e.V. wurde 1978 von einigen Langl\u00e4ufern in Allendorf \/ Merenberg gegr\u00fcndet. Der Name wurde von dem Marathonsieger der &hellip; <a href=\"http:\/\/www.spiridon-club-oberlahn.de\/?page_id=26\" class=\"more-link\"><span class=\"screen-reader-text\">Vereinsgeschichte<\/span> weiterlesen <span class=\"meta-nav\">&rarr;<\/span><\/a><\/p>\n","protected":false},"author":1,"featured_media":0,"parent":24,"menu_order":1,"comment_status":"closed","ping_status":"closed","template":"","meta":[],"_links":{"self":[{"href":"http:\/\/www.spiridon-club-oberlahn.de\/index.php?rest_route=\/wp\/v2\/pages\/26"}],"collection":[{"href":"http:\/\/www.spiridon-club-oberlahn.de\/index.php?rest_route=\/wp\/v2\/pages"}],"about":[{"href":"http:\/\/www.spiridon-club-oberlahn.de\/index.php?rest_route=\/wp\/v2\/types\/page"}],"author":[{"embeddable":true,"href":"http:\/\/www.spiridon-club-oberlahn.de\/index.php?rest_route=\/wp\/v2\/users\/1"}],"replies":[{"embeddable":true,"href":"http:\/\/www.spiridon-club-oberlahn.de\/index.php?rest_route=%2Fwp%2Fv2%2Fcomments&post=26"}],"version-history":[{"count":2,"href":"http:\/\/www.spiridon-club-oberlahn.de\/index.php?rest_route=\/wp\/v2\/pages\/26\/revisions"}],"predecessor-version":[{"id":5475,"href":"http:\/\/www.spiridon-club-oberlahn.de\/index.php?rest_route=\/wp\/v2\/pages\/26\/revisions\/5475"}],"up":[{"embeddable":true,"href":"http:\/\/www.spiridon-club-oberlahn.de\/index.php?rest_route=\/wp\/v2\/pages\/24"}],"wp:attachment":[{"href":"http:\/\/www.spiridon-club-oberlahn.de\/index.php?rest_route=%2Fwp%2Fv2%2Fmedia&parent=26"}],"curies":[{"name":"wp","href":"https:\/\/api.w.org\/{rel}","templated":true}]}}